 -53c (base 16) in base 8?
-2474
-858 (base 10) to base 12
-5b6
Convert 5060 (base 11) to base 16.
1a41
What is -184 (base 16) in base 15?
-1ad
What is 15435 (base 7) in base 13?
1c89
-15c (base 15) to base 11
-264
-61627 (base 9) to base 16
-9e9e
Convert -33216 (base 7) to base 13.
-3a4a
Convert -11111011 (base 2) to base 6.
-1055
-d495 (base 14) to base 5
-2132322
What is -12a8a (base 12) in base 6?
-315054
-2450 (base 9) to base 14
-947
What is 4196 (base 15) in base 10?
13866
Convert 3015 (base 7) to base 10.
1041
Convert -1100001111 (base 2) to base 9.
-1060
-8a84 (base 16) to base 10
-35460
115 (base 14) to base 3
21222
Convert 954 (base 12) to base 2.
10101010000
What is 1333 (base 9) in base 15?
46c
What is -32011310 (base 4) in base 3?
-2221011122
-203 (base 9) to base 8
-245
Convert -576 (base 13) to base 16.
-3ae
1104 (base 9) to base 12
57a
-18738 (base 10) to base 5
-1044423
32320 (base 5) to base 4
202202
Convert -159c (base 14) to base 4.
-330112
-c77 (base 15) to base 12
-1764
476 (base 13) to base 9
1048
-2b4 (base 12) to base 14
-224
What is 8b5 (base 13) in base 16?
5dc
-31a6 (base 15) to base 12
-60b6
-2c96 (base 13) to base 4
-1212101
Convert -176 (base 13) to base 4.
-10022
What is 10101 (base 4) in base 7?
540
-2121101 (base 4) to base 15
-2d8e
21012010 (base 3) to base 9
7163
22012222 (base 3) to base 14
2281
What is -d9 (base 14) in base 2?
-10111111
Convert 1110111 (base 2) to base 3.
11102
Convert -25153 (base 7) to base 16.
-19cc
-4b (base 14) to base 13
-52
2745 (base 8) to base 5
22014
Convert -498 (base 10) to base 9.
-613
Convert 234 (base 9) to base 7.
364
Convert -112 (base 3) to base 14.
-10
What is b73 (base 12) in base 10?
1671
Convert 1278 (base 10) to base 4.
103332
What is 1506 (base 7) in base 13?
369
What is -2374 (base 14) in base 5?
-144203
What is -4113 (base 8) in base 4?
-201023
1001001001111 (base 2) to base 12
2867
Convert 1000110011 (base 2) to base 15.
278
Convert 1a1 (base 13) to base 6.
1220
Convert 120111 (base 3) to base 5.
3133
What is 8b2 (base 12) in base 13?
77c
Convert 113344 (base 6) to base 2.
10011010000000
What is 221425 (base 8) in base 9?
123186
-12ada (base 15) to base 2
-1110100110110110
Convert 350 (base 6) to base 9.
163
-11126 (base 10) to base 12
-6532
What is a6bb (base 13) in base 2?
101101001100010
1134110 (base 5) to base 15
6405
-12029 (base 10) to base 6
-131405
216236 (base 7) to base 14
dcc6
Convert 1be3 (base 15) to base 16.
17af
Convert 1101221110 (base 3) to base 12.
14010
-3b85 (base 14) to base 12
-60b5
Convert 20020 (base 3) to base 13.
cc
What is 1678 (base 14) in base 4?
332322
What is 612 (base 15) in base 12?
95b
Convert 1587 (base 10) to base 15.
70c
What is -73a (base 14) in base 7?
-4103
Convert -12750 (base 9) to base 16.
-21b7
What is 10340 (base 7) in base 9?
3472
59 (base 13) to base 9
82
What is -484a (base 11) in base 2?
-1100011001010
677 (base 15) to base 11
110a
7cdc (base 14) to base 9
32751
-704 (base 12) to base 8
-1764
What is -529 (base 16) in base 12?
-921
What is -13300 (base 4) in base 3?
-200101
What is 1473 (base 13) in base 6?
21423
What is -64330 (base 7) in base 4?
-3321022
20bb (base 14) to base 15
1a1d
Convert -23453 (base 7) to base 6.
-44025
What is -51b (base 13) in base 2?
-1101100101
What is -1101101111 (base 2) in base 3?
-1012120
What is -5627 (base 9) in base 14?
-172c
121 (base 15) to base 2
100000000
4811 (base 14) to base 15
3ac4
-358 (base 13) to base 5
-4310
Convert -261455 (base 7) to base 9.
-73588
What is 22203 (base 7) in base 13?
270c
What is -84b (base 16) in base 8?
-4113
14ac (base 14) to base 16
e60
-2a7 (base 15) to base 14
-315
-211435 (base 7) to base 13
-1385b
Convert 33442 (base 5) to base 7.
6626
-33131 (base 6) to base 13
-2122
1087 (base 9) to base 6
3424
Convert -1022212211 (base 3) to base 5.
-1314113
Convert 2220010 (base 5) to base 9.
58141
Convert 12416 (base 9) to base 10.
8358
What is 34011 (base 5) in base 13?
1112
What is 80a4 (base 14) in base 3?
1010022101
Convert -103231 (base 4) to base 15.
-591
Convert -20122011 (base 3) to base 9.
-6564
What is -196b (base 16) in base 11?
-4986
What is 1212 (base 5) in base 4?
2312
-100011111001 (base 2) to base 13
-1079
-25865 (base 10) to base 2
-110010100001001
Convert 3124 (base 5) to base 7.
1131
Convert 1661a (base 11) to base 12.
1163a
-5ba (base 15) to base 16
-514
1422 (base 9) to base 4
100301
-1030 (base 10) to base 3
-1102011
What is 4436 (base 11) in base 15?
1aec
What is -379a (base 11) in base 15?
-16ee
Convert -366 (base 9) to base 6.
-1223
What is -6947 (base 14) in base 9?
-27073
What is 1046 (base 8) in base 11?
460
What is -1142 (base 10) in base 3?
-1120022
What is -123103 (base 4) in base 3?
-2101201
Convert -1444 (base 7) to base 15.
-281
22c (base 15) to base 4
13230
28b (base 12) to base 10
395
Convert -512a (base 12) to base 10.
-8818
430 (base 10) to base 16
1ae
Convert 1044412 (base 5) to base 16.
492c
What is -7a81 (base 12) in base 3?
-200200221
Convert -85b (base 13) to base 14.
-740
What is 2215 (base 12) in base 7?
13652
What is 4a7 (base 14) in base 12?
657
-8d5 (base 15) to base 3
-2202002
20435 (base 7) to base 3
20220002
What is -1d0 (base 16) in base 3?
-122012
Convert 32113 (base 6) to base 3.
12222200
What is 176 (base 8) in base 15?
86
What is 9790 (base 10) in base 5?
303130
What is 2295 (base 11) in base 8?
5700
Convert 2303 (base 8) to base 7.
3361
What is 4623 (base 10) in base 4?
1020033
12203 (base 4) to base 3
120112
58c (base 14) to base 5
13404
Convert -2021230 (base 4) to base 11.
-6691
What is -10011100010100 (base 2) in base 6?
-114152
Convert -28782 (base 11) to base 14.
-10c71
What is -1001110101 (base 2) in base 16?
-275
-341 (base 10) to base 15
-17b
Convert -34013 (base 5) to base 10.
-2383
bc (base 16) to base 10
188
What is 2251 (base 6) in base 13?
322
-2c2a (base 15) to base 10
-9490
What is -1101002 (base 3) in base 12?
-6b5
What is 407 (base 8) in base 7?
524
Convert 637 (base 11) to base 6.
3314
What is -373aa (base 11) in base 3?
-2201200202
What is 27 (base 13) in base 4?
201
-65303 (base 7) to base 15
-4c4b
What is 51143 (base 6) in base 14?
266b
What is 10110100011011 (base 2) in base 8?
26433
2926 (base 11) to base 8
7303
Convert -22030 (base 4) to base 14.
-348
-36a (base 15) to base 10
-775
What is 272 (base 13) in base 8?
657
What is 339b (base 12) in base 5?
140420
2315 (base 7) to base 5
11340
What is -517 (base 8) in base 3?
-110102
Convert 12a92 (base 15) to base 7.
336143
Convert 203133 (base 5) to base 8.
15014
-30442 (base 8) to base 7
-51446
What is -102100210 (base 3) in base 4?
-2001123
What is -112110 (base 3) in base 7?
-1065
What is -66541 (base 7) in base 4?
-10011202
What is 10000111000 (base 2) in base 5?
13310
Convert 7377 (base 8) to base 11.
2980
What is 11 (base 8) in base 13?
9
Convert -103322 (base 4) to base 16.
-4fa
-52 (base 15) to base 13
-5c
-12323021 (base 4) to base 2
-110111011001001
Convert -42342 (base 6) to base 15.
-1a85
What is 4214221 (base 5) in base 3?
10112221020
What is -1ee (base 16) in base 4?
-13232
-a3b (base 12) to base 16
-5cf
270 (base 11) to base 3
102211
515 (base 13) to base 2
1101011111
What is 1222442 (base 5) in base 4?
11233021
What is -2187 (base 10) in base 5?
-32222
What is -10133 (base 5) in base 11?
-558
What is 27a4a (base 11) in base 2?
1001101110110111
Convert -330 (base 16) to base 9.
-1106
-114423 (base 5) to base 6
-32111
What is -1ea (base 16) in base 2?
-111101010
Convert 9093 (base 13) to base 3.
1000021210
-20311 (base 4) to base 16
-235
What is 3e4 (base 16) in base 5?
12441
-856 (base 16) to base 11
-1670
Convert -24902 (base 11) to base 7.
-206034
What is -3323 (base 4) in base 2?
-11111011
Convert 2502 (base 9) to base 2.
11101001001
What is 403 (base 10) in base 5?
3103
What is 22 (base 11) in base 8?
30
Convert -10a5 (base 15) to base 12.
-2062
What is -3043304 (base 5) in base 16?
-c2a5
-407 (base 9) to base 7
-652
What is 2367 (base 10) in base 9?
3220
What is -169a (base 11) in base 2?
-100001110110
What is 130133 (base 5) in base 13?
23ac
Convert -4132 (base 6) to base 12.
-648
What is a892 (base 11) in base 9?
21646
Convert -2bd7 (base 14) to base 3.
-101202010
What is -10122022 (base 3) in base 